True
Is ((-18)/(-9))/(4/2722) a composite number?
False
Let t(k) = k**3 - 15*k**2 + 2*k - 3. Let c be t(15). Suppose 0 = 3*y - c - 894. Is y a prime number?
True
Suppose 0*h + 310 = 2*h. Is h prime?
False
Let j(w) be the second derivative of -43*w**3/6 - w**2 - 6*w. Is j(-3) a composite number?
False
Let m(q) = -q**3 - 5*q**2 - 2*q - 7. Let v be m(-5). Let o be 2 + (-3)/v + 1. Is (83/1)/(2/o) prime?
True
Let r = 5 + -4. Let b be r + -25*3/(-3). Suppose -p = 2*h - 31, 5*p = 4*h + 111 - b. Is p composite?
True
Suppose -2*v - 989 = -4*h + h, -2*h + 4*v + 662 = 0. Is h a composite number?
True
Suppose -6*j - j = 84. Let m(f) = 2*f**2 - 16*f + 5. Is m(j) prime?
False
Let i(a) = -a**3 + 7*a**2 - 6*a + 6. Let v be i(6). Let j be ((-6)/(-4))/(v/184). Let d = 159 - j. Is d a composite number?
False
Let b be -2 - 0 - -3 - 14. Let y = 22 + -25. Let z = y - b. Is z composite?
True
Let i = 10 - 5. Let b = i - 5. Suppose -q + 8 + 5 = b. Is q a composite number?
False
Let q be (154/21)/(1/(-3)). Let o = q + 114. Let r = o - 61. Is r a prime number?
True
Suppose -36 = -4*l + 296. Is l prime?
True
Suppose 335 = 2*o + 9. Is o composite?
False
Let s = -1370 - -3171. Is s composite?
False
Is 2/8*(387 + 1) a prime number?
True
Suppose -282 = -3*t + t. Let x = 164 + t. Suppose -4*b = -3 - x. Is b prime?
False
Let h = 15 - -538. Is h prime?
False
Suppose -3*c - 309 = -3*u, 3*c = 2*u + 2*u - 308. Let k = 313 + c. Is k a prime number?
False
Let f(t) = -2289*t - 2. Is f(-1) composite?
False
Let h(l) = l**2. Let b(t) = 2*t**2 + 4*t - 4. Let r(c) = -b(c) + h(c). Is r(-4) composite?
True
Suppose 0 = 3*w - 4 - 2. Let g(t) = -w*t**3 + t**3 - 2*t**2 - t**3 + t**3 - 1 - t. Is g(-4) a composite number?
True
Suppose -111 = -y - 4*k, 2*y + 2*k - 166 = 80. Is y a prime number?
True
Let w = 10 - 8. Let z(g) = 8*g**3 + 2*g - 2. Let i be z(w). Suppose b + 4*u - i = -15, -3*b + 2*u + 209 = 0. Is b a composite number?
False
Suppose 3*b + 652 = 5*x, x = -4*b + 4 + 131. Is x a prime number?
True
Let x(s) = -36*s + 1. Suppose -3*c - 5 = 5*o, -o + 5*c - 35 = -6. Is x(o) prime?
False
Let h(c) = -48*c**3 + 2*c**2 + 2*c + 1. Suppose f - 2 = -6, 0 = -r - f. Suppose -5 = r*n - q, 4*n + 8 = 6*q - 2*q. Is h(n) composite?
True
Let n = 278 + -101. Let k = n - 90. Is k prime?
False
Suppose 9*z = 4*z + 520. Suppose i - 17 = z. Is i a composite number?
True
Suppose 2*n + 0*n = 12. Let r = n - 4. Is 109/r*4/2 prime?
True
Let h be -5*(-5 + 2 - -2). Suppose -p = 3*p - 2*z - 118, -h*z = -5*p + 155. Suppose -w = w - p. Is w a prime number?
False
Suppose 4*n = 5*y - 648 - 663, -4*y + n + 1051 = 0. Is y composite?
False
Suppose -2*v - v + 393 = 0. Is v prime?
True
Let w = 4 - -62. Suppose 22 = g - q, -g + w = 2*g - 4*q. Suppose 0 = f + 4*p - g, -2*f + 4*p = 2*f - 48. Is f prime?
False
Let d(a) = a + 9. Let p(x) = 4*x + 28. Let b(n) = -7*d(n) + 2*p(n). Let j be (-1 - -2) + 36/4. Is b(j) prime?
True
Suppose -b = -5*m - 1 - 6, 2*m - 14 = -2*b. Suppose -n + 4 = -b. Let p = n - -20. Is p composite?
False
Let f be (-52)/(-9) + 4/18. Suppose l + p = f, -4*p - 3 = -5*l - 0. Suppose -b - 2*b = -9, 0 = -c + l*b - 2. Is c a prime number?
True
Let w = -27 + 76. Is w prime?
False
Is (5 + -6)/((-3)/423) composite?
True
Suppose 379 = 3*n + 4*z - 234, 2*z + 10 = 0. Is n composite?
False
Let q(m) = -m**2 - m + 467. Is q(0) composite?
False
Let c(h) = -h**2 + 7*h - 1. Let d be c(4). Let x(k) = k**2 - 12*k + 15. Let j be x(d). Suppose j*o - u = 642 - 66, 3*u = -12. Is o a composite number?
True
Let j(k) = -3*k + 10. Let u be j(5). Let q(l) = 5*l**2 - 2*l + 4. Is q(u) a prime number?
True
Let u = 665 + -475. Suppose -4*m - m + u = 0. Suppose m + 57 = 5*t. Is t composite?
False
Let x(l) = -l**3 + 8*l**2 + 5. Let j(o) = 3*o + 2. Let r be j(2). Let t be x(r). Suppose -t*k + 2*b = -265, 3*b = -0*b. Is k a prime number?
True
Is ((-669)/12)/(6/(-24)) a composite number?
False
Let v = -606 + 2147. Is v a prime number?
False
Suppose -4*t = -32 - 32. Suppose t = -p - 5. Let w = 44 + p. Is w a prime number?
True
Suppose 1 = 4*r + 17, -4*t + 324 = -2*r. Suppose 6*n = n - 5*b, -2*n + 6 = 5*b. Is (0 - 1 - n)*t composite?
False
Let m(a) = a**2 + a + 11. Is m(-16) a prime number?
True
Suppose 2*k + 2*h - 2 = -h, 0 = k - 5*h - 27. Is (-2)/k - 79/(-7) prime?
True
Let n = 6 - 1. Suppose -h - 3 + 1 = -n*b, 0 = -5*h + 3*b + 12. Suppose 435 = 5*c - h*u, -5*u + 142 + 206 = 4*c. Is c prime?
False
Let b(i) = 2225*i**2 + i + 1. Is b(1) composite?
True
Let w(h) = -3*h + 161*h + 34*h - 5*h - 1. Is w(2) composite?
False
Let i(n) = -n**3 - 4*n**2 + n + 4. Let y be i(-4). Suppose -a + y*a = -12. Suppose a = -4*f, -f = -2*g - 6*f - 9. Is g a prime number?
True
Suppose 0 = 3*b - 200 + 62. Suppose -15 = z - b. Is z composite?
False
Suppose -2*k = -r - 11 - 10, 3*k - 9 = 0. Let t = r - -50. Suppose 2*i = -5 + t. Is i composite?
True
Suppose -a + 753 + 592 = 5*v, 4*a + 269 = v. Is v a composite number?
False
Let k(s) = 3 + 3 - s + s**2 + 6 + 11*s. Is k(-13) a composite number?
True
Let f(a) = a**3 - 12*a**2 - 12*a - 14. Let s be f(13). Is 319/(3 - (-2)/s) a prime number?
False
Let f(x) be the first derivative of x**4 + 4*x**3/3 - 2*x**2 + 7*x + 5. Is f(5) composite?
False
Suppose x - 5*f + 15 = 4*x, 0 = x + 2*f - 4. Let m = 5 + x. Is m composite?
True
Let g = 288 - 148. Let b = g + -83. Is b prime?
False
Suppose -4*u + 2178 = -4*t - 422, 4*u + 5*t - 2609 = 0. Suppose -u - 934 = -5*z. Is z prime?
True
Let k be (-420)/8 - 1/2. Let c = 2 - k. Suppose 6*y = y + c. Is y prime?
True
Let z be (-6)/4 + 9255/10. Is z/91 + 2/(-13) composite?
True
Is (-45)/9*1949/(-5) composite?
False
Suppose -198 = 2*l - 620. Is l prime?
True
Let c = -142 - -47. Let q = c - -141. Suppose 15 + q = o - 2*b, b - 261 = -5*o. Is o composite?
False
Is 1*-3947*(28 - 29) a prime number?
True
Let o = 211 - 114. Is o a composite number?
False
Let l(n) = 8*n**2 - n + 8. Is l(5) a prime number?
False
Suppose 5*b - 3*t = 7502, 0 = 2*b + 2*b + t - 6005. Is b a composite number?
True
Is (3 + -16)/(2/(-1346)) prime?
False
Let d(f) = 2*f**2 - 4*f - 3. Let z be (-2 - -53)*(-5)/(-15). Let x = z - 10. Is d(x) a prime number?
True
Suppose 4*m - 10 = t, 5*m = -2*t + 3 + 3. Let k(u) = 18*u**2 + 2*u + 3. Is k(t) composite?
False
Suppose -l + 2 = -1. Suppose 3*k + 15 - l = 0. Is (22/(-3))/(k/6) a composite number?
False
Let u(a) = -4*a**2 - a. Let p be u(-1). Let y be (2/4)/((-6)/(-12)). Is 134/y*p/(-6) composite?
False
Suppose -4*w + 209 = -0*b + b, -4*b = -w - 887. Is b prime?
False
Is 206 - 3*(-3 - -2) a composite number?
True
Suppose 0 = -2*t + 4*j + 14, 5*j - 5 = -3*t - 2*t. Suppose -x + 3 + 0 = -5*i, i - 9 = -t*x. Is x a composite number?
False
Let j(p) = p**2 - p + 125. Let d be (0 + -1)*(3 + -3). Let k be j(d). Suppose 4*h - 2*o - 145 = -o, -4*o = -3*h + k. Is h a composite number?
True
Suppose 5*n - 2*m = -4*m + 2, 3*n - m = -1. Suppose n = -4*y - 3*s + 136, 2*y + 25 = 3*y + 3*s. Is y a prime number?
True
Let u be (-2)/(-6) - (-78)/9. Let q = u - 5. Suppose -1800 = -q*x - l - 3*l, 4*l = 20. Is x a composite number?
True
Suppose m = -m - 288. Suppose -128 - 73 = -t. Let j = t + m. Is j a prime number?
False
Let h(q) = -3*q**2 - 4. Let f(m) = m + 1. Let p(j) = -3*f(j) - h(j). Let a(o) = -3*o**3 - 1. Let b be a(-1). Is p(b) a composite number?
False
Let m = -21 + 29. Suppose 3*y - m*y = -605. Is y composite?
True
Let l(y) = 5*y + 9. Is l(5) prime?
False
Suppose 3*k + 18 = 6*k. Let y be ((-60)/(-9))/1*k. Suppose -h + y = 3*l - 2*h, -h + 50 = 3*l. Is l a prime number?
False
Let p be 0 + -1 + (-4 - 4). Is p/3 + 2*29 prime?
False
Let v(g) = 43*g**3 + g - 1. Is v(1) prime?
True
Let k(f) = 44*f**2 + f + 4. Is k(-3) a composite number?
False
Let a(k) = -6*k**3 - 8*k**2 - 6*k + 3. Is a(-5) composite?
True
Let s = -161 + 230. Let o = s + 52. Is o a composite number?
True
Let q(a) = 6*a**3 + 0 - 3 + 2. Is q(2) a prime number?
True
Let n be (-1)/3 + 5/(-3). Let m be ((-5)/4)/(n/8). Suppose 2*l - 106 = 4*u, 5*u = m*l - 3*l - 109. Is l composite?
False
Suppose -4*k = 5*s - 157, s - 4*s + 15 = 0. Suppose r - k = 54. Is r a composite number?
True
Suppose -3*u + 3*m + 1417 + 200 = 0, 5*u + 4*m - 2713 = 0. Is u prime?
True
Suppose 5*y + 2526 = -4*i - 66, 0 = -y - 5*i - 510. Let j = -337 - y. Is j prime?
False
Let j(v)